 10048949897 a composite number?
True
Is 213878759 composite?
True
Is 918607813 a prime number?
False
Is 2574237389 a prime number?
False
Is 3786076697 composite?
True
Is 326215889 a prime number?
True
Is 60880430927 a prime number?
False
Is 561785563 a prime number?
False
Is 524044849 prime?
False
Is 6078276059 composite?
False
Is 2882336573 composite?
False
Is 39929674391 prime?
False
Is 8436253643 composite?
True
Is 48589707571 prime?
True
Is 1033712657 a composite number?
True
Is 774786079 a composite number?
False
Is 2135268427 a prime number?
True
Is 302573311 a prime number?
False
Is 335521127 a prime number?
True
Is 692783477 prime?
True
Is 101004958877 a prime number?
True
Is 12389331809 a prime number?
False
Is 34329190829 prime?
False
Is 2800427671 composite?
False
Is 6600168061 composite?
True
Is 22763265709 a composite number?
False
Is 26014117793 a composite number?
True
Is 22280137415 a prime number?
False
Is 21700001 a composite number?
False
Is 5747528867 a prime number?
False
Is 84700203761 composite?
True
Is 35692691293 a composite number?
True
Is 11702710067 a composite number?
False
Is 2110122899 a prime number?
True
Is 18555922751 a prime number?
True
Is 171360967 prime?
False
Is 455807449 a prime number?
True
Is 646529629 composite?
False
Is 348540599 composite?
True
Is 55355983871 a prime number?
False
Is 12620883647 a prime number?
False
Is 5199591643 prime?
False
Is 20173118227 a composite number?
True
Is 122008974085 composite?
True
Is 701312033 composite?
True
Is 221371103 prime?
False
Is 42388851487 a composite number?
False
Is 6519267647 composite?
False
Is 687392141 a prime number?
True
Is 679012333 a prime number?
True
Is 6579447289 prime?
True
Is 9196988959 a prime number?
False
Is 1374726662 composite?
True
Is 8074503949 composite?
False
Is 221174981 prime?
False
Is 82884310477 a composite number?
False
Is 63554326151 composite?
False
Is 5371970869 composite?
False
Is 99216617 composite?
True
Is 335847191 a composite number?
True
Is 2959250933 prime?
True
Is 101599363 a composite number?
False
Is 15007582895 a composite number?
True
Is 5851227817 a composite number?
True
Is 40594753 a composite number?
False
Is 37903246103 a prime number?
True
Is 30313542983 a prime number?
True
Is 511964689 a composite number?
False
Is 94211196197 a composite number?
False
Is 95771339 composite?
False
Is 78006277 a composite number?
True
Is 571469369 prime?
True
Is 1667100703 a composite number?
False
Is 12504274249 a composite number?
False
Is 4485008927 prime?
False
Is 18104853227 a composite number?
False
Is 21091990477 composite?
False
Is 609142021 a prime number?
True
Is 1410770219 a composite number?
False
Is 188871397411 a prime number?
True
Is 5813416429 a composite number?
True
Is 15732058697 a prime number?
False
Is 90374129915 a composite number?
True
Is 39134111 a prime number?
True
Is 3874612331 a composite number?
False
Is 87195929 a prime number?
True
Is 1795507297 a prime number?
True
Is 942407273 a prime number?
True
Is 190647931 a prime number?
True
Is 85366471 a composite number?
False
Is 185505883 prime?
False
Is 9261183119 composite?
True
Is 1216833353 composite?
True
Is 775960693 a prime number?
True
Is 5338105049 prime?
True
Is 15445568953 composite?
False
Is 2749222891 prime?
True
Is 474830809 prime?
False
Is 184636477 a composite number?
True
Is 33320449 prime?
False
Is 637182853 composite?
False
Is 7105351307 composite?
False
Is 6484124429 a prime number?
True
Is 17287720147 a composite number?
True
Is 32232981307 a prime number?
True
Is 7850341 prime?
False
Is 41117287 composite?
True
Is 10861616747 a prime number?
False
Is 2435924167 a prime number?
False
Is 31105958923 a composite number?
True
Is 9130445913 a composite number?
True
Is 7573506547 a composite number?
True
Is 404313281 a composite number?
False
Is 622538141 a composite number?
False
Is 45387782663 composite?
True
Is 58817705321 a composite number?
False
Is 183379981 prime?
False
Is 14047355069 composite?
True
Is 268150431 prime?
False
Is 146593129 composite?
False
Is 1991294017 prime?
True
Is 4585754363 a prime number?
False
Is 2821720607 composite?
True
Is 36702374537 a prime number?
False
Is 742630871 prime?
True
Is 19993903621 prime?
False
Is 336595757071 a prime number?
False
Is 2656433041 composite?
True
Is 2511538021 a composite number?
False
Is 5498035997 a composite number?
False
Is 141530253639 composite?
True
Is 651664751 composite?
True
Is 2629746529 a prime number?
False
Is 7894375553 composite?
False
Is 7708697567 a prime number?
False
Is 6467022957 a prime number?
False
Is 7328828345 composite?
True
Is 5370844645 a composite number?
True
Is 401645571 composite?
True
Is 2833401319 prime?
False
Is 4075435493 a composite number?
True
Is 24223259579 a composite number?
True
Is 23199477415 a composite number?
True
Is 80450843311 a composite number?
True
Is 6469480583 composite?
False
Is 2005924559 composite?
False
Is 2364412789 a composite number?
False
Is 2094411007 prime?
False
Is 4568733193 a prime number?
True
Is 1374265237 prime?
False
Is 6294175301 prime?
False
Is 1483420609 a composite number?
True
Is 118767486919 a prime number?
True
Is 12103467403 prime?
False
Is 13731287 a composite number?
False
Is 96197774833 prime?
False
Is 7236095969 prime?
True
Is 16784029621 composite?
False
Is 5497400497 a prime number?
True
Is 29303143 a prime number?
False
Is 13943194831 a composite number?
False
Is 67656478561 a composite number?
True
Is 948609919 a prime number?
False
Is 120692211089 a prime number?
True
Is 11838867827 prime?
True
Is 73190362405 a prime number?
False
Is 11629226813 a prime number?
True
Is 24918676621 a prime number?
False
Is 654318737 a prime number?
True
Is 56847970931 a composite number?
False
Is 6030941771 a prime number?
True
Is 5399962913 a composite number?
False
Is 8231627167 a composite number?
False
Is 2414945749 prime?
True
Is 12618617681 composite?
True
Is 73499028829 prime?
True
Is 13147220083 prime?
False
Is 1935107219 prime?
False
Is 80608097 a composite number?
False
Is 302086067 a composite number?
True
Is 17605243603 a prime number?
True
Is 42013318082 composite?
True
Is 28312863 prime?
False
Is 14891814797 a composite number?
True
Is 5241034093 a prime number?
True
Is 190682804957 a prime number?
False
Is 16272787103 a prime number?
False
Is 664908151 prime?
True
Is 47359749205 composite?
True
Is 9731893553 a composite number?
True
Is 9870007453 a composite number?
True
Is 227605277 prime?
True
Is 65962149613 a composite number?
False
Is 6524055481 a prime number?
True
Is 1814212357 composite?
True
Is 94016081 a composite number?
True
Is 2296836331 composite?
False
Is 324893149 prime?
False
Is 4099604239 a composite number?
False
Is 3114245207 a prime number?
True
Is 16143702899 composite?
True
Is 1129219877 composite?
False
Is 2580314273 composite?
True
Is 51939259 prime?
True
Is 3023780209 a composite number?
False
Is 1207998643 prime?
False
Is 43887326207 a prime number?
False
Is 64053911 composite?
True
Is 2846663962 prime?
False
Is 19224063179 a composite number?
True
Is 8612148121 prime?
False
Is 133862719477 composite?
False
Is 311345603 composite?
True
Is 11454672133 prime?
False
Is 1428283667 a prime number?
False
Is 563404043 a prime number?
False
Is 873474106 composite?
True
Is 17894634529 a prime number?
False
Is 262183253 composite?
False
Is 1754674291 composite?
True
Is 39897947 a composite number?
False
Is 16845028327 a prime number?
False
Is 20993579003 a composite number?
True
Is 1179579301 prime?
True
Is 78038627 a composite number?
True
Is 17732002859 a prime number?
True
Is 808035389 composite?
True
Is 34212923 a prime number?
True
Is 125100417833 composite?
False
Is 477522011 a composite number?
False
Is 27251579 a prime number?
True
Is 211563351011 a prime number?
False
Is 2254133121 composite?
True
Is 10681287559 a prime number?
False
Is 2990220781 a composite number?
False
Is 11981685673 a composite number?
True
Is 8909377927 prime?
True
Is 202957609 a prime number?
False
Is 523861687 a prime number?
True
Is 53848367 composite?
True
Is 7206543121 a composite number?
False
Is 101793780721 a composite number?
True
Is 326851241 composite?
False
Is 33381622733 p